tors of s?
11, 17
Suppose -3*d - 7 = -55. What are the prime factors of d/(-12)*(-30)/4?
2, 5
Suppose -2*u - 9 = -3. Let l be (-5 - u)/(2/1). List the prime factors of l + (-3)/3*-8.
7
Suppose 0 = -5*k + 4*h, -3*h - h = 3*k - 32. Suppose -10 = k*p + 2, -5*p = q + 15. Suppose -m + 5 = 0, q*f - 3*m + 11 = -f. List the prime factors of f.
2
Let s(h) = -18*h - 11. What are the prime factors of s(-2)?
5
Let m(h) = h**3 + 5*h**2 + 3. Suppose -v - 15 = 5*k + 15, -2*k - 10 = 0. Let o be m(v). Suppose -2*d + o*d = 3. List the prime factors of d.
3
Let s be 2 + -1 + 1 - -13. Let a(f) = -f**3 - 6*f**2 - 8*f - 4. Let b be a(-5). Suppose 5*p - 5*n = s, 3*p - b = 4*n - 3*n. List the prime factors of p.
2
Suppose -4*f + 220 = -0*f - 4*s, 3*f = -s + 165. Let c be f/(-15) + 4/6. List the prime factors of 2 + (-9)/c + 2.
7
Suppose -4*l = -0*l - 160. Let v = -27 + l. List the prime factors of v.
13
Suppose 0 = -4*m + 2*x - 5*x + 75, 5*m + x - 102 = 0. Let y(h) = -h**2 - 5*h - 4. Let f be y(-4). Suppose -3*p + f = -m. What are the prime factors of p?
7
Let n be 3*(2 - (-2 + 2)). Let l = n + -4. What are the prime factors of (-10)/(-1) - l - -2?
2, 5
Let y = 43 + 54. What are the prime factors of y?
97
List the prime factors of 2/(-10) - -3*843/45.
2, 7
Let j(y) = 2*y + 3. Let l be j(0). Suppose l*u + 84 = 6*u. What are the prime factors of u?
2, 7
Suppose 2*w = -0*w + 2. Let b(v) be the first derivative of 14*v**3/3 + v**2/2 - 17. What are the prime factors of b(w)?
3, 5
Suppose -3*m - 2*m - 35 = 0. Let l(g) = g + 2. Let u be l(m). Let d = 13 + u. What are the prime factors of d?
2
Let t = 18 - 16. Suppose 0 = -g + f + 30, -f - 29 = -t*g + 28. List the prime factors of g.
3
Let t(a) = 8*a**2 + 3*a - 4. Let h be 1*(6 - (2 + 2)). List the prime factors of t(h).
2, 17
Let w be 46/14 + (-6)/21. Suppose 0*x = -w*x. Suppose -11 + x = -k + a, -4*k = a - 49. List the prime factors of k.
2, 3
Suppose -2*i = -3*i + 16. Let r = -8 + i. List the prime factors of r.
2
Suppose 4*t - 4*f = t + 74, 3*f = 12. What are the prime factors of t?
2, 3, 5
Suppose -10*q = -135 + 5. List the prime factors of q.
13
Suppose -24 = -4*f - 3*u, u = -2*f + 6*u + 12. Let t be (50/6 - 3)*6. Suppose 2*n + t = f*n. List the prime factors of n.
2
Let c(a) = a**2 - 9*a - 12. Let h be c(11). What are the prime factors of (-16)/80 - (-462)/h?
2, 23
Suppose -54*r + 663 = -51*r. What are the prime factors of r?
13, 17
Let r be ((-4)/14)/(1/(-7)). Suppose -r*q + 1 = 2*g - 9, 0 = 2*q - 3*g + 15. Let o(m) = m**2 - m + 6. What are the prime factors of o(q)?
2, 3
What are the prime factors of 77*(-1)/4*-4?
7, 11
Let y(f) = 3*f - 1. Let d be y(1). Suppose u = -3*g + 46, -g + u + 12 = -d*u. List the prime factors of g.
3, 5
Let p(c) = -c**2 + 10*c - 7. Suppose 0 = -3*i + 29 - 2. What are the prime factors of p(i)?
2
Let p(x) = -x. Suppose 0*i - 2*i - 5*l - 30 = 0, -2*l = 8. What are the prime factors of p(i)?
5
Let t = -10 - -8. List the prime factors of (6/(-9))/(t/60).
2, 5
Let q(v) = 2*v - 6. Let f = -5 + 8. Suppose -r = -4, y - 2*y + r = -f. List the prime factors of q(y).
2
Suppose 3*k - 4*x = 2*k + 89, 4*x - 178 = -2*k. List the prime factors of k.
89
Let v = -181 - -360. What are the prime factors of v?
179
Suppose 3*r + r - y = 972, -5*y - 1200 = -5*r. List the prime factors of r.
2, 61
Suppose 0 = -2*q + 40 + 70. What are the prime factors of q?
5, 11
Let g(q) = -7*q**2 - q - 1. Let u be g(-1). Let x = u - -9. Suppose -s - x = -4. List the prime factors of s.
2
Let g(u) = u**3 - 1. Let s(r) = 8*r**3 - 5*r**2 + 3*r - 9. Let c(w) = -6*g(w) + s(w). What are the prime factors of c(3)?
3, 5
Suppose -5*v = 5*q - 5, -4*q - 13 = -4*v - 1. Let d = 6 - v. Suppose d*k = -k + 20. List the prime factors of k.
2
Suppose -4*p + 22 = 3*o, -4 = 2*o - 2*p - 0. Suppose y = -3*h, 1 = o*y + 2*h - 3. List the prime factors of y - 1 - (-5 - 8).
3, 5
Let g(i) = -i**2 - 6*i - 1. Let w be g(-3). Let y be 0/(-2) + w/(-2). List the prime factors of (-32)/(-3) + y/6.
2, 5
Let x = -81 + 199. List the prime factors of x.
2, 59
Let v(k) = -14*k + 1. Let y be v(4). Let p be y/15*(-1 - 2). Suppose -5*w + 0 = 3*g - p, 4*w + 6 = 5*g. What are the prime factors of g?
2
Let r be (44/6)/((-4)/6). Let g = -7 - r. Suppose -73 = -g*q - 2*x + 3*x, -4*x = q + 3. List the prime factors of q.
17
Let v(x) = -x. Let b be v(4). Let u(n) = -6*n - 11. Let w(m) = 15*m + 27. Let j(k) = -12*u(k) - 5*w(k). What are the prime factors of j(b)?
3
Let t(l) be the second derivative of l**5/120 - l**4/24 - l**3/3 + l. Let p(v) be the second derivative of t(v). What are the prime factors of p(6)?
5
Let g(f) = 25*f**2 + 2*f - 6. What are the prime factors of g(2)?
2, 7
Let c(q) = q**3 - 19*q**2 - 17*q - 11. What are the prime factors of c(20)?
7
Suppose 5*g + 3*y - 95 = g, -5*g + 3*y = -85. What are the prime factors of g?
2, 5
Suppose 0 = -3*b - 3*k + 42, -k + 5 = -6*k. Suppose 2*n + 3*n = -b. List the prime factors of (-17)/(-3) - 1/n.
2, 3
Suppose 2*f - 200 = 4*r, -4*f + 2*r + r = -410. List the prime factors of f.
2, 13
Let n(z) = z**2 - 11*z + 0*z**2 + 5 + 0*z**2 - 2*z**2. What are the prime factors of n(-10)?
3, 5
Suppose 15 = t - 4*y, 4*t + 5*y - 17 = 2*t. What are the prime factors of t?
11
Let o be 19/2 + (-9)/18. What are the prime factors of (12/o)/((-2)/(-33))?
2, 11
Let g be 3/(-15) - 18/10. Let m = 2 - g. Suppose 2*x - 44 = -0*l + 4*l, 2*x - 4 = -m*l. What are the prime factors of x?
2, 3
Suppose 0 = 4*b + i - 125, -3*b - 35 = -5*b + 5*i. What are the prime factors of b?
2, 3, 5
Let q = -250 + 422. What are the prime factors of q?
2, 43
Suppose 5*j = -12 + 2. Let c(a) = -17*a - 3. Let w be c(j). Suppose -5*u + 2*r + w = 0, -2*r + 0*r - 24 = -4*u. What are the prime factors of u?
7
Let n = 25 + -41. Let x = n - -28. List the prime factors of x.
2, 3
Suppose -4*u + g = -2*u - 59, 5*u = -3*g + 175. Suppose 5*o - 53 = -2*s, 4*o + s - u = 2*s. What are the prime factors of o?
3
Let m(l) = -3*l - 1. Let c be m(-6). Let j be 2 + 0/(-2 + 1). Suppose 1 - c = -j*k. What are the prime factors of k?
2
Let o(g) be the second derivative of -13*g**5/20 - g**4/12 - g**3/6 - g**2/2 + 3*g. List the prime factors of o(-1).
2, 3
Let x = -4 - -14. Let u = x - 14. Let z(p) = p**2 + 2*p - 3. What are the prime factors of z(u)?
5
Let i = 1 - 4. Let j = -1 - i. What are the prime factors of 2 + -4*(-3 + j)?
2, 3
Let g(p) = 3*p**2 + 18*p + 29. Let u(i) = i**2 + 6*i + 10. Let f(j) = 6*g(j) - 17*u(j). Let t be f(-5). Let v = t - -7. List the prime factors of v.
2, 3
Let q(r) = r**2 + 9*r + 5. Let b(d) = d**2 + 8*d + 4. Let j(n) = 5*b(n) - 6*q(n). What are the prime factors of j(-8)?
2, 19
Let q = -16 - -24. What are the prime factors of q?
2
Let d(b) = b**3 - 3*b**2 + 7*b. List the prime factors of d(4).
2, 11
Let d(y) = -18*y - 21. List the prime factors of d(-6).
3, 29
Suppose -4*x - 2*p = -7*p - 183, -4*p + 124 = 2*x. List the prime factors of x.
2, 13
Let d be 4 - 0 - 3*1. List the prime factors of 3 + d + 0 - -3.
7
Let c(p) = 5*p**2 - 25*p + 27. Let n(t) = 2*t**2 - 12*t + 13. Let g(j) = -3*c(j) + 7*n(j). What are the prime factors of g(-9)?
2, 5
Suppose -4*u + 3*x + 59 = 0, 2*u + 3*u = -4*x + 97. List the prime factors of u.
17
Let l = -17 + 20. Suppose m = 4*m - 3*g + l, -m = -2*g + 4. What are the prime factors of m?
2
Let p be (2 + 0)*1 - 0. Suppose -p*u - 26 = -4*u. List the prime factors of u.
13
Suppose -3*v = 3*x - 396, v + 4*v = 5*x - 610. What are the prime factors of x?
127
Let k be -2 + 4 + (-9)/1. Let o(w) = -w**2 - 9*w - 2. List the prime factors of o(k).
2, 3
Suppose 5*k - 21 = -n, -63 = -0*n - 3*n - 3*k. Suppose -3 = -3*d + n. What are the prime factors of d?
2
Let f(m) = -3*m**2 + m. Let i be f(-1). List the prime factors of (-2)/i + (-45)/(-6).
2
Suppose -4*k + 173 + 19 = 0. What are the prime factors of k?
2, 3
List the prime factors of (-1233)/(-45) + 4/(-10).
3
Suppose 5*o + 5*r = 1570, -o + 0*r - 4*r + 317 = 0. What are the prime factors of o?
313
Let c(s) = s**3 - 12*s**2 + 5*s - 14. Let l be c(11). Let h = -36 - l. List the prime factors of h.
2, 11
Let t be (0 + 15/6)*-2. List the prime factors of t/(-20) + 51/4.
13
Let p be 4/5*(-2 + -3). Let s = p + 21. What are the prime factors of s?
17
Let j = -29 + 32. List the prime factors of j.
3
Supp